g - -68. Suppose -k = -d + 3. What is the tens digit of k?
1
Suppose -1 = c - 5*l + 3*l, 4*l + 33 = -3*c. Let y(a) = 2*a**2 + 7*a + 13. What is the tens digit of y(c)?
6
What is the thousands digit of (-800)/24*(-2 + (-190)/4)?
1
Suppose -20 = 2*l + 5*z, 2*l - 3*z - 10 = 3*l. What is the units digit of 2/l - 35724/(-195)?
3
Let o(p) be the third derivative of p**4/24 + 19*p**3/3 - 10*p**2. What is the tens digit of o(0)?
3
Let y(f) = 5*f - 5*f + 56 - 16 - 5*f. What is the units digit of y(-4)?
0
Let n(c) = -c + 2. Let f = -1 + 7. Let k be n(f). What is the units digit of (-328)/(-16) + 2/k?
0
Let c = 1217 + -571. What is the units digit of c?
6
Suppose -25 = -5*s, -132 = -4*q - 5*s + s. Suppose 2*f + m = q, 2*m - 84 + 14 = -5*f. What is the units digit of (-20)/(-9) + f/(-63)?
2
Let o(n) be the second derivative of -n**4/12 - 3*n**3/2 - 3*n**2 + 93*n. Suppose 2*h = h + 2*p - 17, -5*h + 5*p = 60. What is the units digit of o(h)?
8
Let h be (12/14)/((-6)/(-168)). Suppose -5*y = -y - h. What is the units digit of y?
6
Let z be ((-1)/2)/((-8)/16)*0. Suppose z = -6*s + 551 + 355. What is the tens digit of s?
5
Let v be 9/(-3) - (313 - -2). What is the tens digit of v*(-3 - 5/(-2))?
5
Let y(u) = u**3 + 11*u**2 - 1 - 27*u + 4*u**2 + 10*u. What is the tens digit of y(-16)?
1
Let b(s) = 6*s**2 - 2*s + 3. Let w be -3 + 2 - (-1 - -3). What is the units digit of b(w)?
3
Suppose 4*y + 5*s + 17 = 0, 25 = -3*s - 2*s. Suppose 2*l = -y*l + 60. Suppose 4*g - 56 = -2*d, -4*d - 57 = -3*g - l. What is the tens digit of g?
1
What is the tens digit of (11327/141)/((-2)/(-6))?
4
Suppose 3*f - 61 = 29. Suppose -7*x + f = -2*x. What is the units digit of (47/(-3))/((-2)/x)?
7
Let n = -13 + 21. Let l = n + -7. Let h(v) = 22*v**2 + v - 1. What is the units digit of h(l)?
2
Let m(i) = -i**3. Suppose -2*p + 4 + 2 = 0. Let x be m(p). Let s = x - -45. What is the units digit of s?
8
Let a(x) = x**2 - 17*x + 20. What is the hundreds digit of a(-12)?
3
Suppose 2*a = -5*f + 335, 0 = 4*a - a - 4*f - 537. What is the tens digit of a?
7
What is the tens digit of 2/(-3) + 51/9 - -296?
0
Let k = -16 + 20. Suppose -l = l - k. Suppose -8 = s + 2*j, 0 = 2*s - l*j - 0*j - 14. What is the units digit of s?
2
Let j(f) = 6*f**3 - 76*f**2 - 44*f - 149. Let y(b) = b**3 - 15*b**2 - 9*b - 30. Let d(v) = -2*j(v) + 11*y(v). What is the tens digit of d(-13)?
1
Let c(x) = 3*x**2 + 5*x + 4. Suppose 4*v + 15 = -5*r, -6*v - r - 14 = -3*v. Let f be c(v). What is the units digit of 420/f + 4/18?
8
Let q(m) = 4*m**3 - 5*m**2 - 3*m + 36. What is the tens digit of q(7)?
4
Let q(j) = j**3 + 2*j**2 - 9*j - 6. What is the hundreds digit of q(5)?
1
Let v(k) = -k**2 + k + 3. Let a(c) = -c**2 - c. Let f(b) = -2*a(b) + v(b). Suppose 0 = -j - 4, 2*s - 3*s + 3*j = -6. What is the tens digit of f(s)?
2
Suppose 4*t - 2*s - 46 = -0*s, 2*s + 10 = 0. Suppose 7*i - 12 = t*i. What is the units digit of (9/i)/(4/(-8))?
3
Suppose -86 - 430 = -6*x. What is the units digit of x?
6
Let i(s) = -s**3 + s**2 + s - 4. Let t be i(3). Let w be 304/6*(-21)/(-14). Let a = t + w. What is the tens digit of a?
5
What is the tens digit of 1/(6/(-3369))*(7 + -9)?
2
Let z(a) = 4*a**3 - 2*a**2 + a. Let u be z(3). What is the units digit of u*(1/9)/(4/48)?
4
Suppose 5*a = 3*z - 9, -2*a + 7*a - 3 = -z. Suppose a = u - 6 + 3. Suppose -u*v = -2*v - 22. What is the tens digit of v?
2
What is the tens digit of -5 - ((-34)/(-221) - 14627/13)?
2
Suppose 14*m - 405 = 23*m. What is the hundreds digit of (-10176)/m + 2/(-15)?
2
Let f(i) = -16*i + 11. Let q be f(-5). Let v = q - -28. Suppose 3*a + 3*o - v = -2*o, -2*o + 168 = 4*a. What is the units digit of a?
3
Let z = 77 - 44. What is the units digit of (-2252)/(-44) - (1 - 27/z)?
1
Let j = 192 - -165. What is the hundreds digit of j?
3
Let j(d) = -139*d**3 - d**2 - 2*d - 2. Let m be j(-1). Let w = 218 - m. What is the units digit of w?
0
Let x = 41 - 34. What is the units digit of x/((-21)/(-12)) - -7?
1
Let r(f) be the first derivative of f**2 + 10*f - 1. Let t = -45 - -50. What is the units digit of r(t)?
0
Suppose -a + 3*j - 68 = -19, -a - 48 = -4*j. Let k = -8 - a. What is the units digit of k?
4
Suppose 4*b - 3*o = 768, -3*o = -4*b + 2*o + 776. Suppose 5*u = b + 26. What is the tens digit of u?
4
Let x = -47 + 105. Suppose -2*p + 1 = 5*l, 4 = -5*p - 3*l + 16. Suppose d = 3*b + 23, p*b - b = -3*d + x. What is the tens digit of d?
2
Suppose -683 + 278 = -3*q. What is the tens digit of q?
3
Let c be -2 + 5*(-4)/(-10). Suppose t - 4*t + 21 = c. Let j = 32 - t. What is the units digit of j?
5
Let g = 276 + 68. What is the hundreds digit of g?
3
Let s(n) = -n**3 + 3*n**2 + 4*n. Let r be s(4). Suppose 2*f - 2*z = -3*z + 48, r = f + 3*z - 34. What is the units digit of f?
2
Let m(z) = 95*z**2 + 2*z - 8. What is the hundreds digit of m(2)?
3
Suppose -4*i + i + 48 = 3*o, -4*i + 4*o = -32. Suppose -7*l = -i*l + 730. What is the tens digit of l?
4
Let n = 42 - 32. What is the tens digit of n?
1
Let s(f) = -12*f + 6. Let o be s(8). Let b be (o/(-4))/((-2)/(-4)). Let k = 66 - b. What is the units digit of k?
1
Suppose 2*v = -5*h + 5676, -43*h = -48*h - 20. What is the thousands digit of v?
2
Let u(d) = 478*d + 3. What is the tens digit of u(1)?
8
Suppose 0 = 34*z + 704 - 12400. What is the hundreds digit of z?
3
Let l be (18/7)/((-5)/(-35)). Let r = l - 20. What is the units digit of 5*(3 + r) + -3?
2
Let n(a) = 197*a - 21. Let p be n(10). Suppose -649 + p = 5*m. What is the units digit of m/2*21/42?
5
Suppose -5*a + 24 - 4 = y, 0 = 3*a - y - 20. Let f(c) = c**2 - 2*c - 3. Let s be f(a). What is the tens digit of 8/(-60)*s*-15?
2
Let j = -5 - -7. Suppose -4*y = -2*c - 52, 13 = -j*c + 9. What is the units digit of y?
2
Let d(q) = -28 + 5*q**2 - 28 - 4*q**2 - 2*q**2 + 46*q. What is the units digit of d(35)?
9
Let c = 46 + -46. Suppose 5*g - 90 = -c. What is the tens digit of g?
1
Let k = -2170 + 4737. What is the units digit of k?
7
Suppose -5*c + 8 = -3*t - 0*c, 4*c - 16 = 0. Suppose 0 = -t*u + 14 + 6. Suppose 15 + 20 = u*h. What is the units digit of h?
7
What is the units digit of (104/(-156))/(4/(-6006))?
1
Let j be (63/12)/((-10)/(-8) - 1). Suppose 0 = -3*r + j + 27. What is the tens digit of r?
1
Suppose -4*h + 4860 = 2*a, 3*h - 2371 - 1288 = -5*a. What is the tens digit of h?
1
Let a = -154 - -272. Let g = a - 5. Suppose o = -4*u + g, 0 = -4*u + 5*o - o + 108. What is the units digit of u?
8
What is the tens digit of (2/3)/(7/(13268 + 4))?
6
Suppose -c = -3*f + 889, -f - 2*c - 2*c + 318 = 0. What is the units digit of f?
8
Let c(w) = 5*w - 2. Let x be c(-14). Let t be ((-1)/2)/((-6)/x). Let o = 26 + t. What is the units digit of o?
0
Let s(f) = 12*f**3 - f**2 + f. Let x be s(1). Suppose 2*h - x = -h. Suppose w = r - w - 24, 20 = r - h*w. What is the tens digit of r?
2
Let j(l) = -7*l + 2. Let c(v) = -8*v + 2. Let m(f) = -5*c(f) + 6*j(f). Let o be m(0). Suppose 15 = r - u + 4*u, -o*u - 67 = -3*r. What is the tens digit of r?
2
Let c be (-1)/2 + ((-77)/2)/11. What is the hundreds digit of (-1389)/(-12) - 1/c?
1
Suppose -9*b = -7*b - 302. What is the units digit of b?
1
Let z(f) = -17*f - 39. Let k(y) = -y**3 + 2*y**2 - 2*y - 14. Let s be k(0). What is the hundreds digit of z(s)?
1
Suppose 6*h + t - 1462 = 5*h, h - 2*t = 1447. What is the thousands digit of h?
1
Let w(l) = -l**2 + 8*l - 10. Suppose -p + 4*n + 24 = 5, -p - 4*n = 5. Let m be w(p). Let r = 16 + m. What is the tens digit of r?
1
Let a = -18 + 22. What is the units digit of 58 + a + (-10)/5?
0
Let j(g) = -g**3 - 6*g**2 - 2*g - 6. Let r be j(-6). Suppose -u + 21 = r*u. Suppose u*x + 4 = 106. What is the tens digit of x?
3
Let k(s) = -2*s + 10. Suppose -12*v + 10*v + 10 = 0. Let f be k(v). What is the units digit of 4 + -1 - (-2 - f)?
5
Suppose -234 + 178 = -7*s. What is the units digit of s?
8
What is the tens digit of (-35020)/(-22) - (-16)/88?
9
Let c(m) = -40*m + 108. What is the units digit of c(-11)?
8
Let q(n) = -2*n - 7. Let a be q(-5). Suppose 4*h - a*m = -0*h + 28, -2*h = m - 4. Suppose h*y - 2*l - 26 = 0, 0 = -4*l + l - 15. What is the units digit of y?
4
Let c(s) = -2*s**2 + 0*s**3 - 10*s**2 + 13*s + 3*s**3 - 2*s**3 - 16. Let l be c(11). Suppose -l*m + 230 = -m. What is the units digit of m?
6
Let z = 29 - 63. Let k = -62 - z. Le